- 1582 = -4*r. List the prime factors of l.
2, 3, 53
Suppose 2*o + 0*o = 3*s - 49, 2*s - 78 = 4*o. What are the prime factors of (-3372)/(-51) - (-2)/o?
2, 3, 11
Suppose 0 = 6*a - 2*a. Let s(y) = 6*y**2 + a*y + y - 5*y**2 - 4. What are the prime factors of s(-6)?
2, 13
Let t(w) = 25*w - 20. Let h be t(11). Suppose -2*o + 239 + h = 0. List the prime factors of o.
13, 19
Let n be (-3309)/(-24) + (3 - 1)/16. Let o = n - 64. List the prime factors of o.
2, 37
Let a(r) = -204*r - 141. List the prime factors of a(-4).
3, 5
Let m = 43 - -41. Suppose 0*a = -a - 46. Let l = a + m. What are the prime factors of l?
2, 19
Suppose 22 = 6*x - 20. Suppose -5*z = y - 141, -2*y - x*z = -6*z - 291. List the prime factors of y.
2, 73
Let m be (-1)/(-1) + 0 + 182. Suppose -7*q + m = 57. What are the prime factors of q?
2, 3
Let w = -5 + 34. Suppose -5*k = -h + w, h + 0 = -4*k + 2. Let c = h + -5. What are the prime factors of c?
3
Let v(t) = t**3 - t**2 + t + 1. Let g(q) = -4*q**3 + 27*q**2 - 22*q + 8. Let b(u) = -g(u) - 5*v(u). What are the prime factors of b(-23)?
5
Let x be (-202)/(-4) + (-3)/6. Suppose k - 42 = -6*k. Suppose 4*s - x = n - k*n, 0 = 2*n - 4*s + 8. List the prime factors of n.
2, 3
Let j = 100 - 63. Let n(x) = 4*x + 3. Let z be n(4). Let k = j - z. What are the prime factors of k?
2, 3
Let u = 5020 - 3459. What are the prime factors of u?
7, 223
Suppose -h + 2*b = -1, 4*b - 13 = -4*h + 3. Let m be -2*(-3)/(-12)*-38. Let x = h + m. What are the prime factors of x?
2, 11
Let j(v) = -v**3 - 14*v**2 - 5*v - 16. Let r be 2 + -2 + 0 - 14. Let h be j(r). Suppose -3*q + h + 36 = 0. List the prime factors of q.
2, 3, 5
Suppose -3*o = -6*o - 2*l + 592, l + 390 = 2*o. Suppose 0 = 7*q - 35 - o. Let d = q + -19. List the prime factors of d.
2, 7
Let g(n) = -109*n**3 - 2*n**2 - 3*n - 1. Suppose -3 = -3*z - 2*r, -5*z - 11 = -2*r - 0. List the prime factors of g(z).
109
Let i(z) = z - 8. Let t(y) = 3*y - 17. Let p(o) = -5*i(o) + 2*t(o). What are the prime factors of p(-3)?
3
Let s(q) = q**2 - 2*q - 3. Let u be s(-9). Suppose w + 32 = m + u, 5*m = 3*w - 196. List the prime factors of w.
2, 31
Let t be 12/(-8)*(-490)/15. Suppose -u = -5*b + 176, 3*u - t - 71 = -3*b. List the prime factors of b.
2, 3
Let y(f) = f**3 + 7*f**2 + 5*f + 3. Suppose 0 = -h - 0 - 4. List the prime factors of y(h).
31
Let r(h) be the third derivative of -h**4/12 + 11*h**3/6 - 4*h**2. What are the prime factors of r(-9)?
29
Suppose 1670 - 506 = 4*w. List the prime factors of w.
3, 97
Suppose 0 = -11*y + 4162 - 1335. What are the prime factors of y?
257
What are the prime factors of (-4 + 1275/(-10))*-2?
263
Let a = 3134 + -1699. List the prime factors of a.
5, 7, 41
Let d = -301 - -915. What are the prime factors of d?
2, 307
Suppose 3*r - 6 = 9. Suppose 5*i + 0 = -3*b + 80, -r*b = -5*i - 80. Let y = b - 11. What are the prime factors of y?
3
Suppose 1415 = t - 4*y, -3*t - 17*y + 13*y + 4309 = 0. What are the prime factors of t?
3, 53
Let j be -1 - 0 - 3/((-9)/15). Suppose 5*m - 40 = -2*d + 6*d, 3*m + 2*d = 2. Suppose -m = -j*k + 148. List the prime factors of k.
2, 19
Let j = -2 - -7. Let a(d) = -d**3 - 3*d**2 + 27*d - 1. Let n be a(-7). Let k = n + j. What are the prime factors of k?
11
Suppose -5*n = -10, k = 4*k - 2*n - 2. Let y be (-72)/27*(1 - (-380)/(-8)). Suppose 3*t = k*r + y, -2*t + 3*r = -0*r - 81. List the prime factors of t.
2, 3, 7
Let c be (-4 - -4 - 4)*-64. Suppose -c = -5*w + 414. List the prime factors of w.
2, 67
Let g(s) be the third derivative of s**6/120 + s**5/10 - s**4/24 - s**3/2 - 2*s**2. Suppose 0 = 3*k - 0 + 18. What are the prime factors of g(k)?
3
List the prime factors of 17836/14 + -6*(-4)/(-4).
2, 317
Let y(f) = f**3 + 7*f**2 + 3*f + 11. Let w be y(-7). Let r(t) = t**2 + t + 2. Let z be r(-8). Let l = z + w. List the prime factors of l.
2, 3
List the prime factors of ((2046/8)/3)/((-38)/(-152)).
11, 31
Let c(k) = -2*k + 12. Let x be c(6). Suppose 4*p + 8 = v, 3*v + x*v - 56 = -4*p. List the prime factors of v.
2
Let d = 29 + -84. Let b = 16 - d. What are the prime factors of b?
71
Let z(n) = 2*n - 6. Let s be z(9). What are the prime factors of -2 - -2 - 32/s*-6?
2
Suppose 2*q = 2*x + 1824, -x = 52*q - 51*q - 902. What are the prime factors of q?
907
Let g = 1017 + 95. List the prime factors of g.
2, 139
Suppose -3888 - 4836 = -6*d. List the prime factors of d.
2, 727
Let f(c) = c + 1. Suppose -4*t - 2*w - 55 = -9*t, 0 = -4*t - 4*w + 72. List the prime factors of f(t).
2, 7
Suppose -2*i + 28 = -t - t, 0 = -4*i - t + 41. Let r = i - 8. What are the prime factors of (-4)/(-6)*(r - -9)?
2
Suppose -13*m + 94415 = 528238. List the prime factors of (-2)/45*-3 - m/255.
131
Let v(l) = -l**2 - 16*l - 10. Let m be v(-15). Suppose -4*z + 5 = f, m*z + 5*f - 25 = 4*z. Let q = 7 - z. List the prime factors of q.
7
Let y = 330 - 23. What are the prime factors of y?
307
Suppose 0 = 3*s + 2*j - 741 - 778, 4*s - 2031 = 3*j. Suppose 5*v = z + z - s, -5*v = 15. What are the prime factors of z?
2, 3, 41
Let t(w) = -2*w - 4. Let p be t(-7). Suppose -p*h = -h - 333. List the prime factors of h.
37
Let s = 29 - 28. Let r(o) = 42*o**3 - o**2. List the prime factors of r(s).
41
Let g be (6*(-3)/2)/(-1). Suppose -4*q + 40 = 4*l, 4*q + l - g = 34. List the prime factors of q.
11
Let f(a) = 20*a**2 - a. Let z be f(2). Suppose -i + 37 = -0*i - 3*c, -2*i + 5*c + z = 0. What are the prime factors of i?
7
Let r(c) be the first derivative of c**5/40 - 5*c**4/24 + 5*c**3/3 + 3. Let s(d) be the third derivative of r(d). What are the prime factors of s(9)?
2, 11
Let h(c) = 48*c - 53. List the prime factors of h(16).
5, 11, 13
Suppose -5*h = -o - 516, -255 = -5*h - 3*o + 257. Suppose -2*p + h = 21. What are the prime factors of p?
41
Let l = 21 + -17. Suppose -l*p + 36 = -m, 2*p - 3*m = -3*p + 38. List the prime factors of p.
2, 5
Let i(j) be the first derivative of 6 + 9*j + 2*j**2 + 2/3*j**3. What are the prime factors of i(-4)?
5
Suppose -3*j - 4 - 8 = 0. Let q = j - -5. Let v(u) = 28*u**2 - u - 1. What are the prime factors of v(q)?
2, 13
Let s(r) = r**3 - 4*r**2 - 7*r - 4. What are the prime factors of s(6)?
2, 13
Let a(i) = 7*i**2 + 13*i - 161. Let u(r) = 4*r**2 + 7*r - 81. Let f(h) = 3*a(h) - 5*u(h). What are the prime factors of f(-21)?
3, 31
What are the prime factors of 440/(-66)*(-43 - 2/(-2))?
2, 5, 7
Suppose m - 576 = 3*w, 2*m - 622 - 530 = -5*w. List the prime factors of m.
2, 3
Suppose -4314 = 22*b - 28*b. List the prime factors of b.
719
Suppose -v - 24 = -9*v. Let p(g) = g**3 + 2*g**2 - 5*g + 3. What are the prime factors of p(v)?
3, 11
Suppose -20 = 4*q, -15*h - q = -19*h + 397. What are the prime factors of h?
2, 7
Let j be (-8)/2 - (-89 + -7). Let n = j - 52. What are the prime factors of n?
2, 5
Let j be 8/32 - 3759/(-4). Let v be j/6 - (-24)/(-36). Suppose -2*q - v = -2*d - 2*d, -3*d = 5*q - 91. List the prime factors of d.
37
Suppose 2162 = 2*w - 2254. List the prime factors of w.
2, 3, 23
Let y = 7013 - 4030. List the prime factors of y.
19, 157
Let y(i) = i**3 - 8*i**2 + 11*i + 6. Let p be y(6). Suppose -4*v + p*v = 72. List the prime factors of v/(-5) + 10/25.
2
Let s = -4 + 15. Let y = 12 - s. List the prime factors of ((-348)/(-24))/(y/2).
29
Suppose 0 = 5*s - 7*s + 2798. List the prime factors of s.
1399
Suppose 134498 = 117*k + 13520. List the prime factors of k.
2, 11, 47
Let z be (-181)/(-2) - (-2)/4. Let r = 951 - 700. Suppose -r + z = -4*d. List the prime factors of d.
2, 5
Suppose 818 - 377 = 7*h. What are the prime factors of h?
3, 7
Let v(c) be the first derivative of -9*c**2/2 + 17*c + 51. What are the prime factors of v(-16)?
7, 23
Let y(d) be the second derivative of -d**6/360 - d**5/15 + 5*d**4/24 + d**3/2 + 4*d. Let a(r) be the second derivative of y(r). List the prime factors of a(-6).
17
Let y = -135 - -576. What are the prime factors of y?
3, 7
Let q(t) = t**3 - 3*t**2 - 6*t + 9. Let o(y) = -y - 6. Let r be o(-12). List the prime factors of q(r).
3
Let x(t) = -3*t**2 - 7*t**3 + 5*t**2 + 4*t + 4*t**3 + 5 - 2. What are the prime factors of x(-1)?
2
Let n(g) = -g**3 + 9*g**2 - g + 9. Let p be n(9). Suppose 4*q - 36 = f + 52, 4*q + 5*f - 64 = p. Suppose -4*l + 59 + q = 0. What are the prime factors of l?
2, 5
Let t be (0/2 + -4 + 4)/(-2). Suppose 5*